 Let i = -873148 + 873170. Calculate the remainder when w is divided by i.
17
Suppose 215*w + 160 = 220*w. Calculate the remainder when 4/12 - (-1 - 2284/6) is divided by w.
30
Let w(o) = o**2 + 43*o - 70. Let i be w(-38). Suppose 3*g = -n - 2*n - 12, -5*n - 4 = -3*g. Calculate the remainder when 51 is divided by (i/30)/(g/3).
12
Suppose -377 + 71 = -2*x. Suppose -3*i + 4*d + 137 = 0, 0 = 2*i + 12*d - 17*d - 103. Calculate the remainder when x is divided by i*2/(-2)*(-7 - -6).
36
Let v(k) = k**3 - 5*k**2 + 6*k - 4. Let a be v(4). Suppose y - o - 3727 = -3680, 3*o + 221 = 5*y. Calculate the remainder when y is divided by (21/a)/(6/16).
12
Suppose -89*t + 81*t = -672. Let o = t + -71. What is the remainder when 128 is divided by o?
11
Suppose -5*b - 1144 + 2524 = 0. What is the remainder when 842 is divided by b?
14
Suppose -5*q = 4*c - 451, 4*c - 749 + 288 = 5*q. Suppose r = -r + c. What is the remainder when r is divided by 423/15 - -1 - (-8)/(-40)?
28
Let v = 29 - -47. Suppose 6*h - 294 = -54. Calculate the remainder when v is divided by h.
36
Let v = 4504 + -3286. Calculate the remainder when v is divided by 31.
9
Suppose -l = -4*l + 87. Let j(t) = 5*t + 136. Let x be j(-27). What is the remainder when l is divided by (150/5)/(x - -1)?
14
Suppose -10*j + 3275 - 324 = -1339. Calculate the remainder when j is divided by 12.
9
Let b(n) = -3*n + 17. Suppose 0 = -5*g + 30 + 15. Let x be b(g). What is the remainder when (-2 + 1)*(x + -7) is divided by 5?
2
Calculate the remainder when 3878/4 + -12*34/(-816) is divided by 151.
64
Suppose 0 = 3*h + 5*j - 4365, 2*h = -11*j + 9*j + 2906. Suppose 5*a + 24*a = h. Calculate the remainder when 191 is divided by a.
41
Suppose 10*g = -23*g + 1405 - 52. Suppose -314 = -3*r + 2*z, -r + 2*z + 90 = 5*z. Calculate the remainder when r is divided by g.
20
Calculate the remainder when (-21153)/176*-2 - 24/64 is divided by 150.
90
Suppose -5*b - 4*d + 62 + 59 = 0, 0 = 2*b + 5*d - 62. Suppose -5*r + 29 = -b. Calculate the remainder when 36 is divided by r.
6
Let q(t) be the first derivative of -t**4/4 + 5*t**3/3 + 2*t**2 - 4*t + 1. Calculate the remainder when 318/4*(112/150 + 78/(-975)) is divided by q(4).
25
Suppose -6*x - 7*x - 302 + 2499 = 0. What is the remainder when x is divided by 57?
55
Suppose 5*l + 1830 = 4*v, -l + 2*v - 366 = 4*v. Let a = l + 377. Calculate the remainder when 19 is divided by a.
8
What is the remainder when ((-37)/(-4))/((-70)/(-29960)) - -12 is divided by 20?
11
Suppose -483 + 168 = -5*m. Suppose -5*v = -c - m, 3*v - 27 = -4*c + 20. Calculate the remainder when 61 is divided by v.
9
Suppose d = -2*d + 57. Suppose -810*z = -891*z + 5670. What is the remainder when z is divided by d?
13
Suppose 0 = j - 2*j + 4*j. Suppose 21*z - 24*z + 63 = j. What is the remainder when 24 is divided by z?
3
Suppose 689*z - 687*z - 58 = 0. Calculate the remainder when 64 is divided by z.
6
Suppose 4*r = 2*i + 268, 0 = -3*r - 59*i + 57*i + 215. What is the remainder when r is divided by -27*(4/(-3) - -1)?
6
Suppose -z - 133 = -5*f + 189, 3 = z. Let d(n) = 25*n**3 - 3*n**2 + n - 4. What is the remainder when d(3) is divided by f?
62
Suppose -6*f + 5*f = -4, 0 = -4*d + 2*f + 108. What is the remainder when -3 - -4 - 18*-3 is divided by d?
26
Let h = -1606 + 2770. Suppose 471 + h = 5*i + 5*f, -5*f + 20 = 0. Calculate the remainder when i is divided by 82.
77
Let v(n) = 2*n + 28. Let f = 41 + -52. What is the remainder when (-40)/(-6)*12/10 is divided by v(f)?
2
Suppose -293*k - 7648 - 18596 = -779*k. Let y(t) = t + 268. Calculate the remainder when y(0) is divided by k.
52
Let v(f) = f**3 + 14*f**2 - 8*f + 25. Suppose 2*z = -0*z + 4*l - 2, 4*z - 3*l = -24. Calculate the remainder when v(z) is divided by 42.
40
Let v(i) = 2*i**3 + 49*i**2 - 81*i - 23. What is the remainder when v(-26) is divided by 1?
0
Let q be (-3 + 8)*3/(-5). Suppose -2*m + 6 = -2*a + 2, 5*m - 2*a = 1. Calculate the remainder when 47 is divided by 9 + 1 + q/m.
8
Calculate the remainder when 0 + 6 + -96 + 209 is divided by 25.
19
Let m = 132 + -134. Let q(h) = -15*h**2 - 5*h + 3. Let l be q(m). Let u = l - -71. What is the remainder when u is divided by 3?
0
Let v = -14770 - -14888. What is the remainder when v is divided by (-33)/(-2) - 1/(-2)?
16
Let m(k) = 9*k**2 + 377*k - 303. What is the remainder when m(-47) is divided by 132?
11
Suppose 51*x + 208 - 1075 = 0. What is the remainder when 917 is divided by x?
16
Let k = -3739 - -3755. What is the remainder when 414 is divided by k?
14
Suppose -2*w = -4*v + 188, -4*v - w = -178 - 22. Calculate the remainder when 584 is divided by v.
45
Suppose 9*i - 4*i = 590. Let m = 73 - i. Calculate the remainder when (4 - 5)*(2 + m) is divided by 15.
13
Suppose 15*i - 40364 + 6274 = -20*i. What is the remainder when i is divided by 65?
64
Suppose 2*l + r + 5 = -2*r, -l = -4*r - 14. Suppose -p + l = 0, 5*b + 0*b - 586 = -3*p. Calculate the remainder when b is divided by 17.
14
Let v be ((-6)/5)/(1/(-15)). Suppose 0 = 33*s - 7*s - 1144. Suppose -2*k + s = v. What is the remainder when 33 is divided by k?
7
Let w(t) = -52*t - 3. What is the remainder when w(-3) is divided by (-11 - (13 - 1))/(-1) - (0 - 8)?
29
Suppose -4*t + 1163 = 3*n, -5*t - 76*n + 1429 = -75*n. What is the remainder when 1136 is divided by t?
0
Suppose 0*b - b = 3*f - 108, b = 2*f + 113. Let w(o) = -44*o + 10 - o**3 + 46*o + 8 - 10*o**2 + 2*o**3. What is the remainder when b is divided by w(10)?
35
Let l = 81 + -69. What is the remainder when -2*33*(-30)/l is divided by 57?
51
Let d = -31 + 114. Calculate the remainder when d is divided by (-30)/1890*-868 + (-4)/(-18).
13
Let q = -15 - -33. Let v(z) = 20*z**2 + 2. Suppose -j + 3*o = 14, -4*j - 19 - 9 = -5*o. Calculate the remainder when v(j) is divided by q.
10
Let p be 3/45 + (-3)/45. Suppose -3*d + 3*c + 1023 = p, 0*d = -3*d - c + 1043. Calculate the remainder when d is divided by 50.
46
Let v = -4778 - -4834. Calculate the remainder when 732 is divided by v.
4
Let f = 8860 - 8808. Calculate the remainder when 822 is divided by f.
42
Let u = 294 - 297. Calculate the remainder when 660 is divided by (2/u)/((-6)/918*6).
14
Suppose 16*m - 38 = -5*y + 14*m, -2 = -3*y + 4*m. Suppose -10 + 100 = y*v. What is the remainder when 62 is divided by v?
2
Suppose 8*p + 7*p + 720 = 0. Let i(n) = -n**3 - 49*n**2 - 49*n + 171. Calculate the remainder when i(p) is divided by 44.
43
What is the remainder when 1236 is divided by 50 + 0 + (-801)/(-89)?
56
What is the remainder when 1141 is divided by (-2)/(7/2 - 136395/38850)?
31
Let t(j) = -16*j - 88. Let a be (92/(-8))/(-1)*(5 + -7). Calculate the remainder when t(a) is divided by 57.
52
Suppose -9*k + 1107 = -1548. Suppose 0 = 3*h - 7*h - 5*a + 291, 4*h + a - k = 0. What is the remainder when h is divided by 15?
14
Let q(z) = 33*z + 673. Suppose 3*a - j - 1085 = 0, -2*j + 1811 = 5*a - j. Calculate the remainder when a is divided by q(-20).
11
Suppose 5*b - 73 = 22. Suppose 40*p + 44*p - 568 = 188. Calculate the remainder when b is divided by p.
1
Let g = -1139 - -1146. Calculate the remainder when 75 is divided by g.
5
Let g = -6225 + 6236. Calculate the remainder when 303 is divided by g.
6
Let u be 4 + 12/(-18) + (-10)/3. Suppose u = -5*f + b - 325, b = 4*f + 4*b + 260. Let s = f - -142. Calculate the remainder when s is divided by 16.
13
Suppose -121*i - 45 = -130*i. Suppose 647 = i*j - x, -j - 6*x + 139 = -3*x. Calculate the remainder when j is divided by 23.
15
Let k(w) = -w**3 - 10*w**2 - 5*w - 7. Let r be (9/3)/((-6)/20). Calculate the remainder when ((-10)/25)/(8/(-15)) + 1527/12 is divided by k(r).
42
Let s = -613 + 613. Suppose -3*z + 5 = -4*z, s = 4*j - 5*z - 97. Let h(b) = -19*b + 5. What is the remainder when h(-4) is divided by j?
9
Suppose 3*f - 430 = -5*l, -352 = -4*l - 236*f + 232*f. Calculate the remainder when 403 is divided by l.
71
Let w = 2000 + 50. Suppose 32*j + w = 5794. Suppose -53 = -3*q + 19. Calculate the remainder when j is divided by q.
21
Let r = 512 - 449. Suppose -l - 3 = 1, 22 = 3*t - 4*l. Suppose t*d = d + 23. What is the remainder when r is divided by d?
17
Let x = 62 - -38. Let z(i) = i**2 + 19*i + 120. Calculate the remainder when x is divided by z(-7).
28
Suppose s = -0 + 11. Let x(q) = -q**3 + 11*q**2 + q